ive of -12*w**2 + 0*w + 1/60*w**5 - o*w**3 + 0 + 1/24*w**4. Give d(0).
-14
Let k(i) = i**3 + 11*i**2 - 14*i - 2. Let y be 9030/(-2107)*14/5. Give k(y).
22
Let s(l) = -20*l - 38. Let v(c) = -4*c - 7. Let y(w) = -3*s(w) + 16*v(w). Suppose 11 - 1 = 5*g. Calculate y(g).
-6
Let t be (1/(-1))/(12/(-36)). Suppose 8 = -t*k + 26. Let a(d) = -12 - 6 - 9 - d**2 + 22 - k*d. Calculate a(-6).
-5
Suppose 4*y + v + 15 = -2, 3*y - 1 = 2*v. Let p(k) = 2*k**3 - 3*k**2 + 2. Let s(u) = 13*u**3 - 15*u**2 + 2*u + 12. Let z(d) = 6*p(d) - s(d). Determine z(y).
6
Suppose 4*h = 125 - 145, 3*t + h + 8 = 0. Let m(x) = 16*x + 13. What is m(t)?
-3
Let s(k) = 7*k**2 + 6*k + 1. Let w(m) be the third derivative of -7*m**5/60 - 5*m**4/24 - 24*m**2. Let l(f) = -2*s(f) - 3*w(f). What is l(1)?
8
Let x(l) be the third derivative of -l**4/4 + 199*l**3/6 - l**2 + 627*l + 2. What is x(33)?
1
Let z(g) be the first derivative of g**5/60 - g**4/3 - 4*g**3/3 - 5*g**2 + 9*g - 39. Let i(u) be the second derivative of z(u). Calculate i(10).
12
Suppose -4*f - 2*a + 30 = -4*a, -5*f = 2*a - 24. Suppose f*i - 80 = 10*i. Let o(t) = -t**3 - 19*t**2 + 19*t - 12. What is o(i)?
8
Suppose q = 4*d - 33, -1 = -5*q + 6*q. Suppose 8*o = 3*o + 15, r = -3*o + d. Let l(t) = -8*t**2 + 2*t + 2. Give l(r).
-8
Let m(s) = 8*s. Suppose 15 = 37*q - 42*q - 5*l, 5*l = -q - 7. What is m(q)?
-16
Let o(b) = b + 7. Let c be o(-3). Let w(u) = u**2 + 0*u + c - 1 - 9*u. Suppose 78*r - 357 = 27*r. Determine w(r).
-11
Let u(t) = 9*t + 7. Let m(f) = f + 1. Let b(n) = 6*m(n) - u(n). Let a = 228 - 227. Let k be ((-13 - -21) + (a - 1))/2. Give b(k).
-13
Let b be 62*(9/(-2))/(-3). Suppose b*t + 40 = 97*t. Let p(y) = y. Calculate p(t).
10
Let w(o) = 3*o + o**3 - 6*o**2 + 2*o - 1 + o. Suppose 5*i + 80*d = 81*d + 80, 0 = i - 4*d - 35. Let v be i/((-15)/(-25)*5). What is w(v)?
4
Let m(x) = 15*x - 15. Let z(d) = -7*d + 7. Let l(p) = p**2 + 10*p + 9. Let t be l(-8). Let r(s) = t*z(s) - 3*m(s). Give r(6).
20
Let x be -3*7/((-21)/9). Let z = x + 27. Let b be 6/(-27) + 8/z. Let o(g) = g**3 - g - 2. What is o(b)?
-2
Let q(y) be the first derivative of y**4/4 + 19*y**3/3 + y**2/2 + 14*y - 205. Determine q(-19).
-5
Let r(i) = -5*i**3 + 13*i**2 - 4*i - 15. Let m(n) = -n**3 + 4*n**2 + n - 1. Let h(y) = -6*m(y) + r(y). Give h(12).
15
Let p(w) = -w - 10. Let m = -177 - -172. Let n be p(m). Let s(r) = 5*r + 4. Calculate s(n).
-21
Let a(p) = -p**2 - 2*p. Let m be (-6 + 2 + 3)/(2/(-56)). Let z be 2*(0/(-2) - 14/m). Determine a(z).
1
Suppose 409*w - 828*w + 413*w = -24. Let x(n) be the second derivative of -n**3 + 0 + 7/2*n**2 + 37*n - 1/12*n**w. Give x(-8).
-9
Let k(p) = 36*p**2 + 6*p + 4. Let g(u) = 5*u**2 + u. Suppose -12*j = 11 - 23. Let t(x) = j*k(x) - 8*g(x). Let s = 1 + -4. What is t(s)?
-26
Let i(r) be the first derivative of -r**6/360 - r**4/12 + 8*r**3/3 + 68. Let o(w) be the third derivative of i(w). What is o(-2)?
-6
Suppose 12*v + 47 = 2*g + 29, 0 = 2*g - 3*v + 18. Let w(t) be the second derivative of -t**3/6 - 5*t**2/2 - 2*t. What is w(g)?
10
Suppose 4*j + j + 5*d = -20, -12 = j + 5*d. Let g(t) be the second derivative of -t**5/20 - t**4/6 - t**2/2 + 2*t. Calculate g(j).
-1
Suppose 0*s = s - 57. Let o = s + -55. Let x(r) = r**o - 30 + 12 + 23. What is x(0)?
5
Let i = -696 + 699. Suppose -2*u + u + 10 = 3*v, 2*u + v + 5 = 0. Let n(o) = -3*o + 9. Let k(j) = 3*j - 8. Let f(c) = u*k(c) - 4*n(c). Determine f(i).
-5
Let x(f) = 8*f - 3*f**2 - 3*f**3 + 2 + 1 - f. Let t = 2481 + -2484. Let v(k) = -4*k**3 - 2*k**2 + 7*k + 3. Let b(d) = t*x(d) + 2*v(d). Give b(-6).
3
Let t(r) be the second derivative of r**5/20 - 5*r**4/6 + 7*r**3/6 - 7*r**2 + r + 2766. Calculate t(10).
56
Let h(y) = -4571*y**3 + 109 - 23*y**2 + 2296*y**3 + 2276*y**3 + 17*y. What is h(22)?
-1
Let s(a) = 25*a + 8 - 8*a - 15*a. Let q be ((-35)/(-25))/((-1)/(-5)) + -15. What is s(q)?
-8
Let r(x) = 26*x - 8*x - 345 + 276 - 5*x. Determine r(7).
22
Let c(x) = -x**3 + 4*x**2 + 24*x - 10. Suppose 13*g = 15*g - k - 16, -4*k - 8 = 0. Let u be c(g). Let l(n) = -n + 6. What is l(u)?
-5
Let w(r) be the second derivative of -7/6*r**3 + 1/2*r**2 + 0 - 182*r. Suppose 3*d = -0 - 3. What is w(d)?
8
Let q(w) = -7*w - 125. Let d be ((-2751)/393)/((-2)/(-6)). Calculate q(d).
22
Suppose -2*n = -5*n - 6, s - 5*n - 8 = 0. Let t(x) = 3*x**2 - x - 3. Let a(u) = 30*u**2 - 9*u - 30. Let y(r) = s*a(r) + 21*t(r). Determine y(-2).
15
Let l(s) = -s**2 - 22*s - 2. Let r be l(-22). Let t be ((-20)/30 + r)*-1*3. Let k(y) = -y**2 + 4*y + 11. Determine k(t).
-21
Let s(b) = -b**2 - 5*b. Let q be (-50)/(-6) + (-8)/24. Let x be q/40*5 - 7. Determine s(x).
-6
Let s = -306 + 308. Suppose s*w = -4*o + 20, 4*w + w = 3*o + 24. Let l(f) = 2*f**2 - 8*f - 4. What is l(w)?
20
Let x be (8/10)/((-24)/60). Suppose o - 6 = -2*o. Let g = x - o. Let r(l) = -l**3 - 4*l**2 - 1. What is r(g)?
-1
Suppose 0 = o - 6*o + x + 11, -2*o - 3*x = -18. Let t(v) be the second derivative of -2*v**2 + 0 - 174*v - 2/3*v**3 + 1/12*v**4. Determine t(o).
-7
Let z(o) be the first derivative of 5*o**2 - 24*o - 1282. Calculate z(3).
6
Let s(d) = -d**3 - 6*d**2 + 2. Let o be s(-6). Let x(k) = 2*k**2 + 3*k**o - 3*k - 1 - 7*k**2. Let r be (-177)/(-59)*6/(-6). Give x(r).
-10
Let z(r) be the third derivative of r**5/20 - 13*r**4/12 - 27*r**3/2 + 3*r**2 + 5*r + 15. What is z(11)?
-4
Let f(m) = -3*m**3 + 89 - 46 - 45 + 4*m**3. Determine f(2).
6
Let s(k) = 1523*k**3 - 1522*k**3 + 28*k**2 + 48 + 27*k - 3 + k. What is s(-27)?
18
Let z(c) be the third derivative of -29/6*c**3 + 0 - 16*c**2 + 1/24*c**4 - 4*c. What is z(22)?
-7
Let y = 6132 - 6127. Let a(w) = -w**3 + 5*w**2 + 6*w - 14. What is a(y)?
16
Suppose 2652*f - 20 = 2656*f. Let j(d) = 4 - 4*d**2 + 7*d - d**3 + d**2 + 2*d**2 - 3*d**2. What is j(f)?
-6
Suppose 2*s + 2*i = 2, 0*i = -4*s - 2*i + 12. Suppose y - 3*m + 49 = 13, s*y - 4*m + 136 = 0. Let d = y + 29. Let k(o) = -o**3 + 5*o**2 - 6*o + 7. Give k(d).
-23
Let a be (21 + -22)/((-7)/3 - -2). Suppose k + 3*k + 33 = a*x, 0 = -5*x + 15. Let l(g) = 0*g**3 + 7 + g**3 - 5*g + 7*g**2 + 12*g. What is l(k)?
1
Let i(v) = -v**3 + 3*v**2 - 3*v - 3. Suppose 0 = 3*x - 7*x - 2*k, 0 = x - 5*k - 22. Suppose 5*g - 9 = x*h - 0*h, g = h. Give i(h).
-12
Suppose 2*l = 3*s - 6, 4*s - 978 = -1002. Let w(z) = 2*z**2 + 25*z - 15. What is w(l)?
-27
Let n(z) = -14 - 6*z**2 - 2*z**2 + 4763*z - 4753*z - z**3. Calculate n(-10).
86
Let y(a) = a**2 - 40*a + 107. Suppose -3*r - 4*h + 290 - 175 = 0, -h = 4*r - 149. What is y(r)?
-4
Let w(c) = 3*c + 5. Let u(y) = y. Let j = 6 + -5. Let v(d) = j*w(d) - 2*u(d). Let o = -336 + 332. Determine v(o).
1
Let y(q) = 6*q**3 - 2*q**2 + 2*q - 1. Let i = 93 - 88. Suppose -3 = -2*s + i. Suppose -5*b = -2*b - c - 8, -19 = b + s*c. Determine y(b).
5
Let m(y) be the third derivative of 0*y - 1/24*y**4 + 1/2*y**3 + 3 + y**2. Determine m(-7).
10
Let g(l) = -15*l - 5. Let q(p) = 7*p + 2. Let r(m) = 4*g(m) + 9*q(m). Let s(v) = 318*v - 85. Let c be s(2). Let k = -553 + c. Calculate r(k).
-8
Let o(h) be the second derivative of h**4/12 - 2*h**3/3 - 51*h**2 + 10*h + 183. Determine o(-8).
-6
Let a(i) be the third derivative of -3*i**4/8 - 7*i**3/3 + 4026*i**2. What is a(-4)?
22
Let m = -389 + 395. Let t(q) = -3*q - 8 + 49 - 20 - 8. Determine t(m).
-5
Let a(b) = 2*b + 7. Let x(p) = -4*p - 15. Let j(o) = 14*a(o) + 6*x(o). Suppose h = 2*u + 1157, 3*h + u - 5741 = -2*h. Let n = h + -1156. Determine j(n).
-20
Let l(w) be the first derivative of 2*w**3/3 + 12*w**2 + 57*w - 3367. What is l(-4)?
-7
Let m(v) = 8*v + 78. Let d be m(-9). Let u be 1*(-1 + -3 + 5). Suppose -u = -d*j - 7. Let h(n) = -9*n + 1. Give h(j).
10
Let s = -6 - -12. Let w(c) = -c**2 - 10*c + 77. Let j be w(-15). Let v(g) = -105 - 115 + 226 - g**j + 3*g. Calculate v(s).
-12
Let p(f) = 11*f - 141. Let u(t) = t - 20. Let w(h) = p(h) - 8*u(h). Give w(-7).
-2
Suppose -d - 235 = 5*l, 0*l = l - 3*d + 47. Let o = l + 48. Let b(k) = 7*k**3 - k + 1. Calculate b(o).
7
Suppose 1 - 2 = -p. Let n(x) = 2*x**2 + 2*x - 2. Let j be n(p). Suppose 11 = -j*c - c - 4*l, 3*c = -l - 5. Let z(o) = 4*o**3 + o**2 - 1. Calculate z(c).
-4
Suppose -17*r + 91 = -30*r. Let w(t) = t**2 - 6*t - 86. Let j be w(r). Let y(g) = -g**2 + 2*g + 6. What is y(j)?
-9
Let j(m) = -m**3 + 8*m**2 + 8*m + 9. Let v be j(-5). Let o = -43 + v. Let n(i) = 